?
False
Suppose 3*w = -5*v + 401423, -4*w - 1928 - 158636 = -2*v. Suppose -10*o = 19874 - v. Is o composite?
True
Let d be 1046868/42 - (-3)/(-7). Suppose 3*m - 7616 = d. Is m a composite number?
False
Let o(z) = -29*z**3 + 3*z**2 + 2*z - 1. Let b be o(-2). Let y(g) = -4*g**3 - 8*g**2 + 7*g + 17. Let r be y(-5). Let a = b + r. Is a a composite number?
False
Suppose -21*j + 1482 = 47199. Let i = j + 5034. Is i a composite number?
False
Let h be ((-15)/4)/(162/48 - 3). Let y(o) = -o**3 + 25*o + 3. Is y(h) a prime number?
False
Suppose -4*a - 34*r = -37*r - 12, a + 5*r = -20. Let v(k) = k**2 - 5*k - 6. Let w be v(6). Suppose a = -q - w*q + 1543. Is q a prime number?
True
Let h be 3 + (-138)/42 + 15353/7. Let j = h + -1106. Is j composite?
False
Suppose -8*i - 96 = -7*i. Let n = 605 - 522. Let l = n - i. Is l a composite number?
False
Suppose 0 = 9*x - 1598133 - 1648596 - 2266950. Is x a prime number?
False
Let p be ((-145)/5 + 5)*-2. Is (-1704)/2*p/(-9) + 3 a prime number?
True
Suppose 0 = -19*o + 107 - 259. Let t(s) = s**3 + 16*s**2 - 19*s - 23. Is t(o) a prime number?
True
Let q be -1 - 3 - (7 - (4 - 0)). Is (-14719)/q + 2/7 composite?
True
Suppose -20*a = -2*j - 16*a + 1254754, -5*a - 25 = 0. Is j a prime number?
False
Let b = 32547 - -40408. Is b a composite number?
True
Let m(l) = 2*l**3 + 5*l**2 + 6*l + 2. Let q be m(-2). Let r be q/5*(-80)/12. Suppose -2*d = r*d - 13990. Is d a prime number?
True
Let f(s) = -s**3 - 10*s**2 - 51*s + 29. Suppose -3*k + 35 = 101. Is f(k) composite?
False
Let d(k) = -9*k + 1508. Is d(31) a prime number?
True
Is 3120791/21 - (-70)/(-735) a prime number?
True
Suppose 1965458 = 240*u - 218*u. Is u composite?
True
Let i be 6/(-4)*2*(-5)/(-5). Is (16 - 45)/(1*i/291) a composite number?
True
Suppose 0 = -12*g + 13 + 95. Suppose g*s = 12*s. Suppose 3*w = 0, 3*t + s*w - 1671 = 2*w. Is t a composite number?
False
Let k(u) = u**2 + u + 1912. Let m be k(0). Suppose 3*r = 4*t + m, -3*r - t + 161 = -1761. Suppose 1379 = 3*h - r. Is h a composite number?
False
Let y = -6911 - -13118. Is y a composite number?
True
Let u(z) be the second derivative of 0 + 12*z + 5/12*z**4 + 17/6*z**3 + 31/2*z**2. Is u(-11) prime?
True
Let z(l) = 176*l**2 + 55*l - 255. Is z(32) prime?
True
Let h(k) = 719*k - 40. Let n be h(7). Suppose -5*v + n = 2*a + a, 0 = -a - 4*v + 1655. Is a a composite number?
True
Let s = -6 - -6. Suppose s*h - 7*h + 21 = 0. Suppose -3*q + d + 97 = 0, 8*d + 175 = 5*q + h*d. Is q a composite number?
False
Let z = -55 + 98. Let p = z + -47. Is (-2558)/p + (-3)/(-2) composite?
False
Let g be (-6)/4*(10 + -12). Suppose -3*a = g*x - 4*a - 5768, 2*a + 3844 = 2*x. Let o = 2762 - x. Is o a prime number?
True
Suppose 4*d - 3*h - 16 = -h, -16 = 4*h. Suppose -71 - 21 = -23*o. Suppose -8 = -4*k, o*k = -d*f + k + 2000. Is f prime?
True
Let h = -25532 - -44149. Is h a composite number?
False
Suppose 20040 = 6*h - 2*h. Suppose -2*k = -h + 1232. Suppose -2*d + 10*n + k = 5*n, -12 = 4*n. Is d composite?
False
Let g(p) = 656*p**2 + 10*p - 34. Let t be g(-7). Let y = -11251 + t. Is y a composite number?
False
Suppose -o + 4*h + 945 = -2*o, 5*o = -3*h - 4759. Is (36/6 - 7)*o a prime number?
True
Suppose -2*l + 5792 + 5494 = 2*d, 0 = 4*l + 3*d - 22568. Is l composite?
False
Let s = -98 - -90. Let u(c) = c**3 - 7*c**2 + 28*c + 4. Let x(f) = -6*f**3 + 36*f**2 - 141*f - 21. Let d(i) = -11*u(i) - 2*x(i). Is d(s) a prime number?
False
Suppose -12*n = 14*n - 31122. Let j = 3104 - n. Is j a composite number?
False
Let d(p) = 41*p + 2*p**2 + 1 + 8*p - 3*p**2 - p**2. Let t be d(24). Let g = t + 60. Is g a prime number?
False
Suppose 179*p = 203*p - 37032. Is p a composite number?
False
Suppose r = -2*c + 185939, 24 = -23*c + 27*c. Is r composite?
True
Suppose 35 = 5*r - 2*k, -5 = -r + 3*r + 3*k. Let c(j) = 191*j - 2017. Let p be c(15). Suppose 4*g = g + r*l + 643, -p = -4*g + 2*l. Is g composite?
False
Is (4 - 1) + (59758 - 100/(-10)) prime?
True
Let z(a) be the third derivative of -2*a**5/15 - a**4/24 + a**3/6 + 39*a**2. Let i be z(1). Is 6/i - 1/((-20)/40355) prime?
True
Suppose d = 1 + 2. Suppose -d*u - 8*u + 33 = 0. Suppose -6796 = -5*x - u*l, x - 6817 = -4*x + 4*l. Is x a composite number?
False
Is (156/(-26) + 7)/(751854/375926 - 2) prime?
True
Let y be (8/(-10))/((-7)/(-35)) - -42. Suppose -33*v = -y*v + 2315. Is v a composite number?
False
Let r(y) = 1488*y**2 - 4*y - 14. Let x be r(-4). Suppose -5*l - x = -5*j, -2*l + 4554 - 23600 = -4*j. Let m = 6938 - j. Is m a prime number?
False
Let j(c) = -19149*c - 6269. Is j(-10) a prime number?
True
Let r(q) = 4*q**2 - 16*q + 23. Suppose 4*y - 3*a = 43, -2*y = -a - 3*a - 24. Let v be r(y). Suppose 760 = 3*z - v. Is z prime?
False
Suppose -3*p = 3*l - 1372323, -84*l + 79*l + 5*p = -2287265. Is l composite?
True
Let q = 76065 + -114303. Let u = q - -53789. Is u a prime number?
True
Suppose 6*t + 45 = t, 10*f - 4*t - 6298066 = 0. Is f a prime number?
True
Suppose 4*i = -y + 15, 4*i - 5*y = -0*y + 45. Suppose -4*b + 8304 = i*t - 4*t, -2*b + t = -4158. Is b a prime number?
False
Let l(x) = -16088*x - 1383. Is l(-4) prime?
True
Let d = 7033203 - 4137724. Is d prime?
True
Let n = 151938 - -296153. Is n prime?
False
Let s be 0 - 3 - 14*-2. Suppose 29*h - 11816 = s*h. Suppose -a + h = a. Is a a prime number?
False
Suppose 0 = -42*f + 6392554 + 52052. Is f a composite number?
False
Let v(q) = -6971*q + 604. Is v(-15) composite?
True
Let g be 74/10 + 3*3/15. Suppose -5*s + g*s - 12 = 0. Suppose 5*a - 7807 = -7*p + 4*p, p = s*a - 6232. Is a a composite number?
False
Let j = 114458 + -79320. Is j prime?
False
Suppose 10*y - 6*y = 2*l - 74, 2*l = 5*y + 78. Suppose -l*j - 10*j = -130767. Is j prime?
False
Suppose -2*s + 3*s = 8. Let b(c) = 0 - 15 + s*c - 16 + 10. Is b(10) composite?
False
Let m = -144 - -147. Suppose 4*u + 9001 = m*w, 5*w - 15015 = 3*u + u. Is w composite?
True
Suppose 9*g + 4*w = 712169, -79119 = 22*g - 23*g - 2*w. Is g a prime number?
True
Let w = 35 + -28. Suppose -9*c = -w*c - 13290. Is (72/108)/(2/c) prime?
False
Suppose -7758 = 2*q - 0*q. Let m = q + 6601. Is m a composite number?
True
Suppose -r - d + 28 = 0, -5*d + 8*d - 15 = 0. Suppose 57663 = -r*s + 32*s. Is s prime?
False
Let j = -45477 + 92096. Is j a prime number?
True
Suppose -1308*i + 1267*i = -1113847. Is i a prime number?
False
Let y = -12 + 4. Let t(i) = -146*i + 50. Let f be t(y). Let c = -827 + f. Is c prime?
False
Suppose 0 = 3*m + t - 698237, 4*t + 245 - 232976 = -m. Is m prime?
False
Let m be (12/2)/2 - 3. Suppose m = 8*t - 2966 - 1698. Suppose -130 = -g + t. Is g composite?
True
Let v = -700120 + 2204729. Is v prime?
True
Suppose -4*k + 1666 = -5*a, 3*k - 4*a = 91 + 1158. Let v be (-19)/5 + 3/(-15). Is k + (-3 - (v - -1)) composite?
False
Let a(b) = 16282*b + 1553. Is a(12) composite?
True
Suppose -3*i = 1 - 10. Let g be 749/7 - (-2)/2 - i. Let d = g + 14. Is d prime?
False
Let u = 248141 - 26470. Is u prime?
True
Suppose 10*i - 9*i = -4*w + 6, 2*w = 4*i - 42. Is 635/2*(-5)/((-25)/i) a prime number?
False
Is 122/(-549) + (-2)/((-54)/640419) a prime number?
True
Is 3/60 - 272261223/(-2340) a prime number?
True
Let r = 27 - 23. Let g be (r/(-5))/(6/(-30)). Suppose 0 = 2*w - 6, c + 2*c - 1473 = -g*w. Is c prime?
True
Let j = 35696 - 19712. Let r = 1693 + j. Is r composite?
True
Let k be (2 - 3) + 7 + 1 + -5. Suppose 0 = -4*a - 2 + k. Is a - (-669)/6*2 a prime number?
True
Let j = 260 + -257. Suppose -q - 2907 = -2*q + v, -5*q = j*v - 14495. Is q a prime number?
False
Let y(l) = -105*l**3 - 14*l**2 - 9*l + 37. Let i(t) = 35*t**3 + 5*t**2 + 3*t - 12. Let g(p) = 7*i(p) + 2*y(p). Is g(7) a composite number?
True
Let h be (-959123)/(-33) - (-4)/6. Suppose 5*o - h = -6855. Suppose -2*g - 5*d + 2967 = 0, -2*d = -3*g - d + o. Is g a composite number?
False
Let t(g) = g**3 + g**2 - 3*g - 8. Let c = 37 + -23. Suppose -2*m + c = 4. Is t(m) composite?
False
Let r = 460 - 460. Suppose 5*h - c - 9630 = 4*c, r = -5*h - 4*c + 9675. Is h prime?
True
Suppose -5*n = 2*d + 4, 3*n - d - 8 = 3*d. Suppose 5*p - 3 - 87 = n. Suppose -p*z + 14*z + 5524 = 0. Is z a prime number?
True
Suppose 3*j + 5*c + 20 = -16, -3*c + 9 = 0. Let r = j + 19. Suppose u - p = -4*u + 3781, -749 = -u + r*p. Is u composite?
False
Suppose 0 = 9*c - 61 - 65. Let t = c - 